 o be f(t). Let p(u) = -u**3 + 4*u**2 + u - 2. Determine p(o).
2
Let x(q) be the second derivative of -q**6/360 - q**5/120 - q**4/24 - 25*q**3/2 + 2*q + 19. Let l(c) be the second derivative of x(c). What is l(-5)?
-21
Let q(y) = 15*y + 28. Let d(z) = -5*z - 9. Let k(c) = -7*d(c) - 2*q(c). Suppose 5*r = -8*t - 42, -4*r + 2*t - 5*t - 20 = 0. Calculate k(r).
-3
Suppose -3*a + 3*w - 9 + 15 = 0, 6*a - 14 = 5*w. Let g(t) = 4*t - 19. Calculate g(a).
-3
Let x(c) = -2*c**2 - 3*c + 6. Let j = -27167 + 27164. What is x(j)?
-3
Let z(n) = -7*n - 11. Let t(o) = -7*o - 9. Let j(b) = -4*t(b) + 3*z(b). Determine j(2).
17
Let i(g) = -g**3 - 6*g**2 - 6*g + 3. Suppose -154 = 7*t - 14*t. Suppose -t*f - 2 = -23*f. Let w be f*2*5*3/(-12). What is i(w)?
8
Let p be 3 - 1 - (7 + 1). Let w(b) be the first derivative of -b**3/3 - 3*b**2/2 + 7*b - 1556. Determine w(p).
-11
Let t(u) = -14*u**3 - u**2 + 1. Let p(o) = -43*o**3 - 6*o**2 - 6*o + 1. Let j(a) = p(a) - 3*t(a). What is j(-2)?
6
Let y(j) = -j**3 + j - 2. Suppose 0 = 32*p + 68 - 4. Give y(p).
4
Let m(f) = -44*f - 100. Let w(a) = -18*a - 49. Let y(o) = 2*m(o) - 5*w(o). Give y(-22).
1
Let u(g) = -5*g + 7. Suppose 0 = -5*y - 2*z - 11 + 35, z - 1 = 3*y. Calculate u(y).
-3
Let n(k) be the third derivative of -k**7/840 - k**6/24 - k**4/12 + 61*k**3/6 + 126*k**2. Let o(m) be the first derivative of n(m). Determine o(-15).
-2
Let v(m) = 7*m - 23. Let x(i) = -i. Let r(b) = -v(b) - 6*x(b). Suppose -70*o = 32*o. Calculate r(o).
23
Let g(n) = 2*n - 1. Suppose 494*y = 490*y + 32. Suppose -2*v + y = 4. Calculate g(v).
3
Let x(y) be the second derivative of y**7/840 + y**6/60 + y**5/120 - 7*y**4/24 + 74*y**3/3 + 19*y - 1. Let w(l) be the second derivative of x(l). Give w(-6).
-13
Let r(d) = 11*d**3 - 3*d**2 - 2*d. Let a be -3*(-4)/8*4/(-6). Give r(a).
-12
Let x(z) = -z**3 + 10*z**2 - 9*z - 8. Suppose 0 = -56*t + 65*t - 9. Let i be ((-9)/27)/(t/(-27)). Determine x(i).
-8
Let a(n) be the second derivative of -n**7/2520 - n**6/80 - 11*n**5/120 - 11*n**4/4 + 5*n. Let s(x) be the third derivative of a(x). Calculate s(-8).
-3
Let h = 6 + -4. Let u(w) be the first derivative of 2*w + 1/2*w**2 - 10. Determine u(h).
4
Let g = -22 - -24. Let r(h) = 0*h**2 + 99*h**3 - 100*h**3 + 10 - h**g. Suppose 0*m = -8*m. Determine r(m).
10
Let d(q) = -48*q + 19 + 11*q**2 + 0*q**3 + 101*q - 64*q + q**3. What is d(-12)?
7
Let w be 34/(-68)*88/4 - -10. Let r(c) = c**2 - 5*c. Let b(k) = -k**2 + 5*k - 1. Let p(q) = -4*b(q) - 5*r(q). What is p(w)?
-2
Let t(m) = -15*m**2 + m. Let k(v) = -4*v + 2. Let f be k(-1). Let d(n) = 0*n + 5*n + 5 - 6*n + 0*n. Let g be d(f). Calculate t(g).
-16
Let y(h) = -h**3 - 2*h**2 + 2*h - 9. Suppose 2*r - 4 = 0, 94*r = -4*u + 93*r - 14. Give y(u).
15
Suppose 6*o = 4*o + 34. Let y(i) = -i**3 + 18*i**2 - 21*i + 69. Let r be y(o). Let n(g) = -8*g. Determine n(r).
-8
Let v(f) be the second derivative of -f**4/12 + f**3 - 17*f**2/2 + 1437*f. What is v(6)?
-17
Let s(l) = 66 - 112 - 4*l**2 + 21 - 3*l + 24 - 2*l**3. Suppose -n = -3*n - 4. Determine s(n).
5
Let h be (2/(-28))/((-53)/12614). Let n(r) = -r**2 + 20*r - 39. Give n(h).
12
Let j be (12 + -3)*(4/(-3))/(-2). Let y(w) = -7*w**3 + 2*w**2 + 2*w - 24. Let n(d) = -8*d**3 + 3*d**2 + 2*d - 27. Let r(x) = -8*n(x) + 9*y(x). What is r(j)?
12
Suppose 0 = 2*k + 2*p - 5*p - 7, 0 = -4*k - 4*p + 4. Suppose 1 - 19 = k*j. Let o(f) = -f**2 - 9*f + 11. Calculate o(j).
11
Let u(o) = -4*o + 10. Suppose 295*p + 53 = 2708. Determine u(p).
-26
Let s(n) = 2*n**2 - 4*n - 3. Let q be s(3). Let r(d) = d**2 - q*d**2 - d - 11 - d**2 + 4*d**2. Let h be (-2)/4 - (5/2 + -3). What is r(h)?
-11
Let k(n) = 7907*n - 7907*n - n**2 - 60. Give k(0).
-60
Suppose 25*k - 22*k = -6. Let b(t) = t - 21*t**2 + t**3 - 9*t**3 + 22*t**2 + 10*t**3. Determine b(k).
-14
Let k = 2439 + -2434. Let s(g) = 3*g**2 - 5*g + 2. Determine s(k).
52
Let f(x) = 40 + 5*x - 40. Let m(d) = 14*d - 207. Let p be m(15). Calculate f(p).
15
Let k(o) = 10*o**3 + 61*o**2 - 33*o + 58. Let p(n) = -2*n**3 - 12*n**2 + 6*n - 12. Let d(i) = 2*k(i) + 11*p(i). What is d(-5)?
-16
Let q(o) = 14*o**2 - 6*o + 168. Let a(d) = 5*d**2 - 2*d + 58. Let u(j) = -17*a(j) + 6*q(j). Give u(-6).
-2
Let h be (-24)/18*(189/12)/(-7). Suppose h*b + 11 = 29. Let m(s) = 2*s - 2. What is m(b)?
10
Let w(z) be the second derivative of z**5/20 - z**4/12 - z**3/2 - 25*z**2 + 5*z - 439. Determine w(0).
-50
Let i be (3 - (75/18)/1)*-6. Let s(w) = w**3 - 7*w**2 - 10*w + 12. Give s(i).
-58
Let o = 353 + -282. Let p(k) = 6*k**2 + k**3 + 0*k + o + k + 0*k**2 - 66 + k. Give p(-5).
20
Suppose 2*t - 5900 + 5872 = -3*j, -j = -t - 6. Let x(l) = 8*l**2 + 3. Let u(v) = -7*v**2 - 2. Let w(i) = -7*u(i) - 6*x(i). What is w(t)?
0
Let x(h) = -5*h + 27. Let l be x(5). Let q(b) be the third derivative of 0*b + 0 + 1/4*b**4 - l*b**2 - 1/6*b**3 - 1/60*b**5. Calculate q(6).
-1
Let k(w) = w**2 - 4*w + 4. Suppose 9*a + 562 = 4*v + 4*a, -v = 5*a - 128. Let d = -134 + v. Determine k(d).
4
Let t(x) be the second derivative of x**4/6 - 23*x**3/6 - 19*x**2/2 + 4555*x. Determine t(15).
86
Let j(w) = -w**3 + 6*w**2 - 5*w + 3. Let u = 304 - 284. Let c be -11 + u - ((-2)/(-1) - -2). Give j(c).
3
Let b(k) = 39*k + 21 - 44*k + 4 + 4 + 6*k. Calculate b(0).
29
Let z(x) = -4 - 12*x**2 - 17*x**2 + 30*x**2 + x. Let m(n) = -n**2 + 6*n + 3. Let o be m(5). Let j = -8 + o. Calculate z(j).
-4
Let j(b) = -4*b - 7. Suppose 3280*a + 230 = 3234*a. Calculate j(a).
13
Let l(m) = 2*m**2 - 7*m - 7. Suppose -4*c + 2*p = -2, 4*p = -7*c + 2*p - 24. Calculate l(c).
15
Let t = 206 - 187. Let b(h) = -t + 19 + 7*h**2 - 5*h**2 + h. What is b(-3)?
15
Let m(u) = u - 74. Suppose -2*d - h + 1 = 0, 993*d - h + 1 = 994*d. What is m(d)?
-74
Let g be -24 - (-2 + -8 + -11). Let i(l) = 7*l - 12. Calculate i(g).
-33
Suppose -137 = -17*i - 3*r, 6*r - 10*r = -3*i - 3. Let u(h) = -3*h**3 + 0*h**2 - 4*h + 4*h**3 - 6*h**2. Determine u(i).
21
Let z(n) = n**2 + 2*n + 3. Let o(k) = k**2 + k + 2. Let j(b) = -4*o(b) + 3*z(b). Suppose -4*x + 5*c + 10 = 23, -4*x = -c - 7. Determine j(x).
-2
Let d(n) = -2*n**2 + 4*n - 5. Let h(r) = -r**3 + 9*r**2 - 14*r - 11. Let y be h(7). Let z(o) = -6*o**2 + 12*o - 15. Let w(l) = y*d(l) + 4*z(l). Calculate w(2).
-5
Let w(q) = 199*q - 3 - 195*q - 6. Let a(g) = g. Let f(l) = -2*a(l) + w(l). Give f(7).
5
Let z(q) = -4*q**2 + 49*q - 5. Suppose -177*x + 1557 = 521 - 1088. Calculate z(x).
7
Suppose 5*z - 7 = -5*f + 3, -2*z + 1 = -f. Let j(s) = 64*s. Let g(c) = 21*c. Suppose 0 = w - 0 + 5. Let v(h) = w*j(h) + 16*g(h). Determine v(f).
16
Let g(r) be the first derivative of 21*r - 12 + 0*r**2 - 1/3*r**3. Determine g(0).
21
Let s(g) = -66*g**2 + g**3 + 59*g**2 - 6 + 1851*g - 1847*g. Suppose x - 24 = -x. Suppose -x = a - 3*a. Give s(a).
-18
Let c(o) = 2*o + 4. Let m(h) = 1. Suppose -76 = -2*v + 4*g, 0 = -v - 0*v - 5*g + 45. Suppose v = 3*x + 5*x. Let q(l) = x*m(l) - c(l). Calculate q(-3).
7
Let t(d) = -d**2 + 9*d - 7. Let o be t(2). Let j be (1/(-4))/(7/(-308)). Let u(l) = -8 + 2*l - 3*l**3 - 7*l**3 + j*l**3 - 7*l**2. Give u(o).
6
Let h(m) = -m**3 + 8*m**2 - 4*m - 1. Let l be h(8). Let v = l + 37. Suppose -47 = -v*u - 11. Let t(x) = -x**3 + 10*x**2 - 9*x - 3. Calculate t(u).
-3
Let k(l) = 2*l**3 + 46*l**2 + 3*l + 13. Let n(p) = p**3 + 21*p**2 + p + 6. Let m(q) = 6*k(q) - 13*n(q). Suppose 4*z + 10 = f - 6, 4*z - 4 = -4*f. Give m(f).
4
Suppose -14 = 3*i + 4. Let p(g) be the second derivative of 0 + 11*g + 1/12*g**4 + 3/2*g**2 + 5/6*g**3. What is p(i)?
9
Let j(h) = -4*h + 3*h + 0*h**3 + 3*h**3. Let m be (-1)/3 + (-1125)/(-135). Suppose t - 3*q - q + 13 = 0, m = -5*t + q. Calculate j(t).
-2
Suppose -11 = -5*p + 14. Let x(u) = -7 + 0 - 7*u + 6 + 5*u. Let q(r) = -9*r - 7. Let y(k) = q(k) - 4*x(k). What is y(p)?
-8
Let g(y) = -y**2 + 14*y - 11. Let p = 19093 - 19080. What is g(p)?
2
Suppose 0 = o - 1 - 2. Let q(f) = -f**3 + 3*f**2 + 5*f + 1. Let t(s) = s + 1. Let n(c) = o*t(c) - q(c). Let j = -850 - -853. Calculate n(j).
-4
Suppose -124*k - 6018 = -141*k. Let o(n) = 11*n - 4*n - k + 176 + 4*n + 179. Determine o(4).
45
Let d(q) be the third derivative of 3*q**6/40 - q**5/30 + q**4/24 - q**3/6 + 2*q**2 - 136*q + 7. What is d(1)?
7
Let b(i) = i**2 - 32*i - 31. Let g be b(33). Let v(j) be the third derivative of 0*j - 4*j**g + 1/24*j**4 + 7/6*j**3 + 0.